{"id":400,"date":"2021-06-12T14:42:58","date_gmt":"2021-06-12T14:42:58","guid":{"rendered":"https:\/\/ruleteo.com\/?post_type=product&#038;p=400"},"modified":"2022-04-07T18:07:47","modified_gmt":"2022-04-07T18:07:47","slug":"conversor-de-valvula-presta-a-valvula-schrader-para-bicicleta","status":"publish","type":"product","link":"https:\/\/ruleteo.com\/index.php\/producto\/conversor-de-valvula-presta-a-valvula-schrader-para-bicicleta\/","title":{"rendered":"Conversor de v\u00e1lvula presta a v\u00e1lvula schrader para bicicleta"},"content":{"rendered":"<p>Compra Contraentrega en www.ruleteo.com o a trav\u00e9s de nuestro WhatsApp 3128370765<\/p>\n<p>Conversor de v\u00e1lvula presta a v\u00e1lvula schrader para bicicleta<\/p>\n","protected":false},"excerpt":{"rendered":"<p>Compra Contraentrega en www.ruleteo.com o a trav\u00e9s de nuestro WhatsApp 3128370765 Conversor de v\u00e1lvula presta a v\u00e1lvula schrader para bicicleta<\/p>\n","protected":false},"featured_media":401,"comment_status":"open","ping_status":"closed","template":"","meta":{"om_disable_all_campaigns":false,"_monsterinsights_skip_tracking":false,"_monsterinsights_sitenote_active":false,"_monsterinsights_sitenote_note":"","_monsterinsights_sitenote_category":0,"spay_email":""},"class_list":["post-400","product","type-product","status-publish","has-post-thumbnail","hentry","product_cat-ciclismo","product_shipping_class-23"],"_links":{"self":[{"href":"https:\/\/ruleteo.com\/index.php\/wp-json\/wp\/v2\/product\/400","targetHints":{"allow":["GET"]}}],"collection":[{"href":"https:\/\/ruleteo.com\/index.php\/wp-json\/wp\/v2\/product"}],"about":[{"href":"https:\/\/ruleteo.com\/index.php\/wp-json\/wp\/v2\/types\/product"}],"replies":[{"embeddable":true,"href":"https:\/\/ruleteo.com\/index.php\/wp-json\/wp\/v2\/comments?post=400"}],"wp:featuredmedia":[{"embeddable":true,"href":"https:\/\/ruleteo.com\/index.php\/wp-json\/wp\/v2\/media\/401"}],"wp:attachment":[{"href":"https:\/\/ruleteo.com\/index.php\/wp-json\/wp\/v2\/media?parent=400"}],"curies":[{"name":"wp","href":"https:\/\/api.w.org\/{rel}","templated":true}]}}